
7
Evaluate 4 + -3 + -3 + 10 + -4.
4
What is the value of 0 - 19 - (-8 - 2 - (-20 + 14))?
-15
Evaluate (5 - -6) + 63 + -55.
19
What is (2 - 0) + (-169 - -147)?
-20
-14 - (0 - (16 - (2 + 4)))
-4
Evaluate -3 - 19 - -14 - -29.
21
Calculate 0 + 1 - (-351 + 339).
13
Calculate (-12 - -21) + 3 - (1 + -1).
12
What is 18 + -14 + 4 - -7?
15
Calculate 3 + (0 - 4) + (-4 - 7) + 11.
-1
What is (-14 - -3) + 2 + 4 + -15?
-20
Evaluate -37 + 46 + -9 + (-1 - (2 - -4)).
-7
Calculate 0 + 19 - (77 + -38).
-20
Evaluate -5 - -1 - (-10 - (-2 + 1)).
5
(-14 - 3 - -3) + (-28 - -32)
-10
(-7 - 0 - (63 + -66)) + -1
-5
What is the value of (22 - -16) + -19 - 18?
1
What is 21 + 12 + -17 + -4?
12
What is (-25 - -24) + 0 - (-1 + 1)?
-1
(13 + (-8 - -2) + -3 - 2) + 0
2
Evaluate -5 - -3 - (6 - (-10 + 10)).
-8
Calculate 2 + (-8 - -1) + 4 + -6.
-7
Calculate (10 - 10) + -12 - (1 + -8).
-5
6 + -6 + 4 + -8 + 34 + -6
24
What is 6 + -7 + -4 + 4 + (8 - 6)?
1
What is the value of (-27 - -47) + 0 + 10 + -11?
19
Calculate 10 + (3 - -3 - 10 - -8).
14
4 - -1 - (5 - (-22 + 17))
-5
-243 + 239 - (0 + 12 + -2)
-14
What is 3 + 5 - ((7 - -15) + 2)?
-16
Evaluate -39 - (-42 - -22) - -18.
-1
Evaluate 3 + (21 - (-17 - -24)).
17
Calculate 14 - -1 - (9 - (2 - (-6 + 11))).
3
Calculate (-17 - (2 - 8)) + 18 + -2 + 22.
27
Evaluate (9 - -5) + 10 + -16 + 13.
21
Evaluate -11 + 2 + 19 + 6.
16
Calculate -53 - (-2 + -42) - (2 + -1 + -4).
-6
-5 + 38 + (-5 + 6 - 8 - -1)
27
Calculate -11 - (-13 + (9 - 0) + (3 - 5)).
-5
Calculate (-9 - 6) + -7 + 4.
-18
Evaluate (-3 - 14 - -28) + (3 - (5 - 4)).
13
Evaluate -7 - (19 + -22 + 12 - (9 - -1)).
-6
-9 + (7 - -5) - 13 - -7
-3
Calculate 3 - 14 - (1 - (8 - 4 - 1)).
-9
7 + -5 + -3 + (-2 - 0)
-3
Evaluate (-24 - (1 + -31)) + (1 - (10 - 2)).
-1
Calculate 8 - (-22 - -9 - -14).
7
Evaluate 9 - ((1 - (4 - (2 + -2))) + 4).
8
Calculate -8 + (7 + 2 + 7 - 4).
4
Calculate 26 + -13 + -14 - (-6 + -1) - 6.
0
Calculate -3 + (1 + -6 - -15) + 3 - 0.
10
What is 8 - ((-3 - 11) + 9)?
13
What is -29 + 51 - 30 - -34?
26
Evaluate 16 + (-2 - 12) + -5.
-3
0 + -17 + (34 - 20)
-3
Evaluate 13 + -19 + 24 - -4.
22
Calculate -2 - (-22 + 32 - -9) - (-1 - 1).
-19
Evaluate 1122 - 1084 - (0 + 28).
10
What is the value of -25 - (17 + -4 + -5) - -8?
-25
What is the value of -1 + (-63 - -74 - (1 + 9)) + -15?
-15
-4 + 23 + -4 + -1 + 44 + -48
10
What is the value of 7 + -3 + (-19 - -27) + 14?
26
Calculate 18 + (-41 - -22) - (2 + 6).
-9
Calculate 4 + -4 + (-18 - (-19 - -9)) + 13.
5
What is the value of 29 - (12 - (-9 - -4))?
12
What is the value of -6 + (-2 - -1) - (-190 - -165)?
18
Evaluate -35 - -3 - (-10 - 9).
-13
Calculate -11 - (32 + -44 + -15).
16
Calculate -7 + (-4 - -3) + -3 - -23.
12
Calculate 12 - (-18 + 21) - -20.
29
Calculate -4 - (-20 + 1 + -8 + -3 + 3).
23
What is 13 + (11 - (-14 + 10)) + -10?
18
-2 - 27 - (16 - 56)
11
Calculate 2 + -1 - 5 - (-20 - -5).
11
Calculate -12 + 4 + 27 - 2.
17
Evaluate 8 + (-1 + (-4 - 6 - -3) - -5).
5
Calculate (17 - 6) + (1 - (-11 - (3 + -11))).
15
-29 - -16 - 5 - -6
-12
Evaluate 11 + -204 + 193 + (0 - -2) + 20.
22
What is the value of 5 + (-15 + 29 - (8 + 1))?
10
-5 - (-19 + 17 - (2 - 5))
-6
What is the value of 2 + -8 + 5 + -4 + -4?
-9
-11 + -35 - -26 - -5
-15
32 - (-8 + 21 - (2 + 7 + -6))
22
Evaluate 11 - (7 - (-6 + 21 + -3)).
16
What is 1 + (17 + -1 - (15 + 18 - 29))?
13
Calculate (-46 - -55 - (-1 - -1)) + 2 - 47.
-36
Evaluate -19 + (3 - -14) + 28.
26
What is the value of 20 + (6 - (16 + 2 + -1))?
9
Calculate 46 - 5 - (-114 + 129).
26
Evaluate (-11 - 5) + -1 - ((-1 - -1) + -4).
-13
(-1 - -1) + 8 - (173 - 170)
5
Calculate 7 + (-2 - 12) + 12 - (6 + -2).
1
Calculate (-1 - 2) + -29 + -30 + 37.
-25
(3 - (19 + 5)) + 15
-6
What is the value of (-2 + (20 - (-9 + 10)) - 11) + 20?
26
Calculate 16 + 21 + -38 + 8.
7
Calculate (0 + 18 - 8) + (-1 + -7 - 13).
-11
What is the value of -63 + 59 - (-2 - -4)?
-6
(13 - (22 + (-1 - 7))) + -2 + 2
-1
Evaluate -15 + (-26 - (18 - 41)).
-18
What is 3 - (-4 + -7 + (-26 - -13))?
27
What is 8 + -5 + -20 - (-26 + -9)?
18
Calculate 0 + (6 + -6 - (0 + 1)) + -10.
-11
Calculate (-12 - (5 + -23)) + (-1 - 21 - -2).
-14
What is 19 + 3 + (6 + -17 + 10 - -3)?
24
10 + (-9 + 2 - (-20 - -30))
-7
Evaluate 6 + (-17 + 8 - 2) + 2.
-3
What is the value of 23 - ((-14 + 7 - -16) + -8)?
22
What is 20 + (23 + -39 - -12)?
16
-6 - 11 - -9 - (-21 + 4)
9
What is the value of 8 - ((1 - 1) + 8 + 1 + -11)?
10
Evaluate -5 + (-6 + -45 - -37).
-19
What is the value of (-10 - -19) + -32 + 22?
-1
-6 - (6 + (-11 - (-4 - -7)) - 3)
5
What is the value of 6 + (0 - (-40 - -34))?
12
Evaluate 24 + (10 - 25) + 9.
18
Evaluate 10 + -6 + 9 + (-8 - 9) - -6.
2
Calculate -5 + (6 - (-5 - -7)) + 9.
8
What is the value of -6 + -17 - (-45 - -24)?
-2
What is -7 - 1 - ((15 - 5) + -10 - 8)?
0
-12 + (5 + -16 + 11 - 4)
-16
What is the value of 3 + (4 - (2 + -2 + 4))?
3
Calculate -10 - -7 - -22 - 16.
3
What is the value of -41 + 34 - (1 - -25) - -8 - -1?
-24
Calculate 4 + -13 + (6 - 7 - (1 - -10)).
-21
What is -2 + -6 + (11 - -3) + -4 + 5?
7
What is the value of (1 - 2) + -8 + 3 + 6?
0
Calculate 11 - (9 - (-2 - 0 - (8 - 14))).
6
What is -21 + 84 - (-11 - -40)?
34
Calculate (0 - (3 - -4 - 2)) + 39 + -19.
15
5 + (24 - 18 - (-1 + -8))
20
What is -3 - -1 - (-2 + 14 + -10)?
-4
(-2 - -5) + -7 - -14 - (-12 - -16)
6
(7 - (29 + -11 + 6)) + 0 + 7
-10
What is (7 + 13 - -7) + (78 - 75)?
30
What is the value of 20 + 24 + (1 + -13 - 4)?
28
Evaluate 22 - ((-2 - -1) + -2 - (142 - 144)).
23
Evaluate 444 + -437 - (33 - 2).
-24
Calculate 121 - 104 - (1 - -19).
-3
Evaluate 118 + -119 - (-2 + 15).
-14
What is 15 + (-7 - 1) + (37 - 44)?
0
What is 15 - 3 - (64 - 44)?
-8
Evaluate 5 + 0 + (-16 - -4).
-7
-4 - (12 - 1 - 0)
-15
Evaluate (19 - 38) + -5 + -1.
-25
What is -11 + 14 + -3 + 6?
6
Calculate -4 + 21 + 2 + -34.
-15
What is (-4681 - -4718) + 1 + (1 - 12)?
27
Calculate 9 + (2 + -5 - 0) - (4 + -1).
3
Calculate -7 + -16 + 13 + -22.
-32
-14 - -15 - 1 - (3 + -10 + -1)
8
(22 - 34) + 3 + 17
8
11 + 1 + (61 - 93)
-20
Evaluate 1 + ((5 - 0) + -12 - -7 - -2).
3
What is -6 + -3 + 6 - (6 - 11)?
2
Calculate -43 - -32 - -6 - (-21 + 0 - -1).
15
Calculate 17 + (30 - (-27 + 57)).
17
7 + 12 + 3 + -13 + 3
12
What is 10 - (1 + 4 - (-45 + 20))?
-20
Calculate -1 + (-5 - -1) - (-3 - 1) - 6.
-7
Calculate 21 - (19 - (-2 - -3)).
3
What is the value of -78 + 83 + (-6 - 0) + (-3 - 2)?
-6
What is 4 - (36 - (-14 - -39))?
-7
1 + 13 + (-85 - -72)
1
What is -2 + -27 + 34 + -22?
-17
11 + (4 - (-12 + 0)) + -4
23
7 + 1 + 12 + -2 + -21
-3
Calculate -2 + 7 + -5 - (-5 + -1) - 5.
1
-11 - -22 - (30 - 41)
22
Calculate 0 + 1 - (-15 + 8) - (14 + 8).
-14
Evaluate 4 - (-85 + 77 - ((3 - 22) + -2)).
-9
What is the value of -13 - (-53 - -29) - -16?
27
12 + (-31 - -19) - -9
9
Evaluate 3 - 16 - (12 + 4 + -20).
-9
What is 5 - (-60 - -79 - (-2 + 2 + -1))?
-15
(-1 - (-1 + 9)) + -31 + 54
14
Evaluate 1 + (-17 - -17) + -11.
-10
Calculate (19 - (-17 + (-1 - -9))) + -17.
11
Evaluate (-13 - (-12 + 2 + 11)) + -5.
-19
What is the value of (11 + -8 - -2) + -14?
-9
What is the value of -11 + (7 + -1 + -2 - (0 - -3))?
-10
Calculate 15 + -10 + (2 - 1) + (-857 - -869).
18
Evaluate 41 - (10 - ((0 - 15) + 13)).
29
Evaluate 4 + (13 - (39 - 18)).
-4
Calculate (-165 - -165 - (-1 - -6)) + 1.
-4
What is the value of 10 - (4 - (3 + -2)) - (4 - 6)?
9
Evaluate -1 - (-16 + -34 + 35).
14
Calculate 10 - -8 - -1 - 55.
-36
What is the value of (-16 - -5) + -5 - (-51 + 5)?
30
Calculate -2 - -4 - (-6 + 6 + 15 - 3).
-10
Calculate 14 + -1 - ((17 - 11) + -2 + 4).
5
Calculate 11 - (12 - (-6 + 7)) - (6 - -4).
-10
-1 - 1 - 3 - (-2 + -14)
11
Calculate (-14 - -6) + (34 - 27).
-1
Calculate -5 + 1 + 6 + -72 + 66.
-4
(3 + -5 - (-7 - -11)) + -4
-10
Evaluate -4 + (-16 - -8 - -22).
10
What is -15 + 16 + 14 - -4?
19
Calculate (-3 - -11) + -1 - (3 - -1 - 12).
15
-5 + (4 - -1) + (-9 - -1)
-8
What is the value of 13 + -3 + 0 + 1?
11
What is -3 - -8 - (0 + -2 + 6)?
1
(-55 - (13 + -58)) + 25 + 1
16
What is the value of 28 - (5 + 1) - 10?
12
Calculate -2 - (4 - (12 + 3 + -11)).
-2
Calculate (-1 - -12) + (-24 - -2).
-11
19 + -16 + -2 + (4 - 0) + 2
7
What is the value of 17 - 6 - (-7 - -23)?
-5
What is the value of 4 - (10 + -10) - 13?
-9
Calculate 11 - (-22 + -1 + 25).
9
Calculate (4 - (16 - (-24 + 34))) + (-18 - -1).
-19
What is 14 -